 remainder when 20505 is divided by 891.
12
Calculate the remainder when 3305 is divided by 3281.
24
What is the remainder when 24324 is divided by 83?
5
Calculate the remainder when 237130 is divided by 28.
26
Calculate the remainder when 189335 is divided by 47330.
15
What is the remainder when 22498 is divided by 3?
1
Calculate the remainder when 103086 is divided by 7.
4
What is the remainder when 2086 is divided by 261?
259
What is the remainder when 11748 is divided by 1081?
938
Calculate the remainder when 3101244 is divided by 625.
619
What is the remainder when 1385 is divided by 42?
41
What is the remainder when 45172 is divided by 7?
1
What is the remainder when 110301 is divided by 16?
13
Calculate the remainder when 40282 is divided by 6.
4
Calculate the remainder when 1781255 is divided by 178125.
5
What is the remainder when 6223 is divided by 1223?
108
What is the remainder when 1681 is divided by 682?
317
Calculate the remainder when 35991 is divided by 600.
591
Calculate the remainder when 93051 is divided by 23.
16
What is the remainder when 18983 is divided by 34?
11
What is the remainder when 2249 is divided by 76?
45
What is the remainder when 29298 is divided by 888?
882
Calculate the remainder when 8512 is divided by 2836.
4
What is the remainder when 502639 is divided by 31414?
15
Calculate the remainder when 35598 is divided by 200.
198
Calculate the remainder when 202980 is divided by 74.
72
Calculate the remainder when 14543 is divided by 3583.
211
Calculate the remainder when 15785 is divided by 34.
9
Calculate the remainder when 250203 is divided by 66.
63
What is the remainder when 206439 is divided by 260?
259
Calculate the remainder when 885 is divided by 221.
1
What is the remainder when 2729292 is divided by 19?
18
What is the remainder when 399372 is divided by 3072?
12
Calculate the remainder when 287793 is divided by 26.
25
Calculate the remainder when 72979 is divided by 334.
167
Calculate the remainder when 612 is divided by 235.
142
Calculate the remainder when 12286 is divided by 1506.
238
Calculate the remainder when 12422 is divided by 12.
2
What is the remainder when 4604 is divided by 4597?
7
Calculate the remainder when 2325 is divided by 141.
69
What is the remainder when 5583 is divided by 3?
0
What is the remainder when 10011 is divided by 146?
83
What is the remainder when 856638 is divided by 53?
52
What is the remainder when 161424 is divided by 53802?
18
What is the remainder when 4923 is divided by 703?
2
What is the remainder when 9334 is divided by 15?
4
Calculate the remainder when 96422 is divided by 13.
1
Calculate the remainder when 127046 is divided by 63514.
18
Calculate the remainder when 37104 is divided by 335.
254
What is the remainder when 113198 is divided by 80?
78
Calculate the remainder when 63493 is divided by 51.
49
What is the remainder when 12540 is divided by 12534?
6
What is the remainder when 37180 is divided by 492?
280
Calculate the remainder when 19607 is divided by 12.
11
Calculate the remainder when 50036 is divided by 12.
8
Calculate the remainder when 1445 is divided by 4.
1
What is the remainder when 1157292 is divided by 240?
12
Calculate the remainder when 1745 is divided by 1727.
18
What is the remainder when 1106679 is divided by 384?
375
What is the remainder when 468645 is divided by 93729?
0
Calculate the remainder when 11759 is divided by 210.
209
What is the remainder when 18998 is divided by 605?
243
Calculate the remainder when 145988 is divided by 44.
40
What is the remainder when 52957 is divided by 13?
8
What is the remainder when 4338 is divided by 196?
26
Calculate the remainder when 6795 is divided by 261.
9
What is the remainder when 1462 is divided by 671?
120
Calculate the remainder when 1707 is divided by 33.
24
What is the remainder when 50895 is divided by 20?
15
What is the remainder when 39973 is divided by 325?
323
Calculate the remainder when 7316 is divided by 41.
18
What is the remainder when 110583 is divided by 6?
3
Calculate the remainder when 34518 is divided by 46.
18
Calculate the remainder when 8735 is divided by 47.
40
What is the remainder when 9490 is divided by 632?
10
What is the remainder when 1729 is divided by 140?
49
What is the remainder when 10130 is divided by 2413?
478
Calculate the remainder when 1493 is divided by 69.
44
What is the remainder when 36463 is divided by 561?
559
What is the remainder when 481534 is divided by 2508?
2506
Calculate the remainder when 1158017 is divided by 2656.
1
Calculate the remainder when 2044 is divided by 46.
20
Calculate the remainder when 1324 is divided by 133.
127
What is the remainder when 435772 is divided by 32?
28
What is the remainder when 184100 is divided by 4?
0
What is the remainder when 2787 is divided by 127?
120
Calculate the remainder when 27053 is divided by 38.
35
What is the remainder when 1913 is divided by 10?
3
What is the remainder when 63816 is divided by 21258?
42
What is the remainder when 8264741 is divided by 449?
447
What is the remainder when 28116 is divided by 28014?
102
Calculate the remainder when 159540 is divided by 8860.
60
Calculate the remainder when 19385 is divided by 117.
80
What is the remainder when 1337 is divided by 23?
3
What is the remainder when 1843 is divided by 266?
247
What is the remainder when 114239 is divided by 448?
447
What is the remainder when 7634 is divided by 423?
20
What is the remainder when 18959 is divided by 18897?
62
Calculate the remainder when 139408 is divided by 52.
48
Calculate the remainder when 4078 is divided by 371.
368
What is the remainder when 238831 is divided by 9?
7
Calculate the remainder when 51780 is divided by 10350.
30
What is the remainder when 11693 is divided by 292?
13
Calculate the remainder when 8038 is divided by 48.
22
What is the remainder when 17566 is divided by 5848?
22
What is the remainder when 19348 is divided by 351?
43
Calculate the remainder when 29034 is divided by 68.
66
Calculate the remainder when 932 is divided by 803.
129
Calculate the remainder when 96187 is divided by 96.
91
Calculate the remainder when 27398 is divided by 403.
397
Calculate the remainder when 86745 is divided by 38.
29
Calculate the remainder when 11895 is divided by 11884.
11
Calculate the remainder when 1618 is divided by 518.
64
What is the remainder when 194908 is divided by 1203?
22
What is the remainder when 31688 is divided by 6?
2
Calculate the remainder when 552577 is divided by 138142.
9
Calculate the remainder when 3954 is divided by 1305.
39
What is the remainder when 335816 is divided by 66?
8
Calculate the remainder when 144062 is divided by 19.
4
What is the remainder when 2494734 is divided by 441?
438
What is the remainder when 37429 is divided by 297?
7
What is the remainder when 965530 is divided by 17?
15
What is the remainder when 59264 is divided by 44?
40
Calculate the remainder when 4488 is divided by 239.
186
Calculate the remainder when 7978 is divided by 2616.
130
Calculate the remainder when 7380 is divided by 2448.
36
What is the remainder when 403679 is divided by 174?
173
What is the remainder when 1058 is divided by 727?
331
What is the remainder when 211404 is divided by 724?
720
Calculate the remainder when 548539 is divided by 78362.
5
Calculate the remainder when 9792 is divided by 4853.
86
What is the remainder when 11793 is divided by 3866?
195
What is the remainder when 12367 is divided by 4096?
79
Calculate the remainder when 13240 is divided by 210.
10
Calculate the remainder when 3086 is divided by 156.
122
Calculate the remainder when 6141 is divided by 1017.
39
Calculate the remainder when 100550 is divided by 16755.
20
Calculate the remainder when 33312 is divided by 10785.
957
Calculate the remainder when 7108 is divided by 2359.
31
Calculate the remainder when 3930 is divided by 645.
60
Calculate the remainder when 60463 is divided by 30225.
13
Calculate the remainder when 7783 is divided by 323.
31
What is the remainder when 1586 is divided by 191?
58
Calculate the remainder when 917152 is divided by 305713.
13
What is the remainder when 32843 is divided by 357?
356
What is the remainder when 38994 is divided by 5566?
32
Calculate the remai